 and 21.
3
Let a be (-12)/2*((-10)/4 + 1). Let i(m) = a + 32*m + 4*m + 27*m. Let z be i(5). What is the greatest common divisor of z and 36?
36
Let r be (31/(3348/(-567)))/((-6)/1576). What is the greatest common factor of r and 197?
197
Let y = -286 - -490. Let l = 5576 + -5528. What is the highest common factor of l and y?
12
Let b(y) = -2*y**2 - y + 18. Let u be b(6). Let f be (-4*207/u)/(3/15). What is the highest common divisor of 46 and f?
23
Let o = -89 - -91. Suppose o*c + 80 = 84. Suppose c*w - 2 - 14 = -l, 5*w - 33 = -2*l. What is the greatest common divisor of 126 and l?
14
Let s = -3581 + 3828. Calculate the greatest common factor of s and 377.
13
Let i = -1500 - -3075. Calculate the highest common divisor of 126 and i.
63
Let r be (814/8 - -4)/((-15)/(-160)). What is the greatest common factor of 48 and r?
24
Let s = 14789 + -9965. Suppose 176*g - 188*g = -s. What is the greatest common factor of g and 6?
6
Let j(y) = 2*y**3 - y**2 + y. Let b(g) = 7*g**3 + 31*g**2 - 31*g + 41. Let u(s) = b(s) - 3*j(s). Let p be u(-35). What is the highest common factor of p and 8?
2
Let s(z) = -109*z - 2287. Let m be s(-21). Calculate the highest common factor of 394 and m.
2
Let p be (-4)/22 + ((-3420)/(-55) - 7). Let f(q) = q**2 - q - 7. Let b be f(4). Calculate the greatest common factor of p and b.
5
Let n be (-115056)/(-1296) + (14/(-18) - -1). Suppose -7*y = -530 + n. What is the greatest common divisor of y and 36?
9
Suppose -4*b - 3*f = -64, 2*f + 64 = 6*b - 2*b. Let r = 574 - 302. Calculate the highest common divisor of b and r.
16
Suppose 4*x + 36 = 5*i, -3*x + 0*i = 3*i. Let o be (-22458)/(-456) + (-3)/x. What is the greatest common divisor of o and 275?
25
Let h(c) = -2*c**3 - 122*c**2 - 139*c + 200. Let z be h(-60). Calculate the greatest common factor of 40 and z.
20
Let f be ((-9)/27)/((-2)/30) - -5. Suppose -f*v + 56 = -84. Calculate the greatest common factor of v and 1694.
14
Suppose 34*u = -27*u - 34*u + 2247700. Calculate the highest common divisor of u and 140.
140
Let t be 66/33*430/4. Suppose -t + 86 = -i. What is the highest common factor of i and 3?
3
Let f(d) = -d**2 - 10*d - 11. Suppose -5*i + 37 - 7 = 0. Suppose -11*t - 40 = -i*t. Let c be f(t). Calculate the highest common factor of c and 40.
5
Suppose 0 = -14*o + 21*o - 168. Suppose o*a = 28*a - 216. What is the highest common factor of a and 54?
54
Suppose 0 = 5*j + 10 - 25. Let g be (j - -3)/36 - 46/(-12). Suppose -3*y + 1 = 13, -g*y + 50 = k. Calculate the highest common divisor of 6 and k.
6
Let p be ((-2)/1 - -1) + -2 + 18. Suppose -s = -29 - p. Suppose 5*m + 9 = s. Calculate the greatest common divisor of 91 and m.
7
Suppose 4*c + n = -4*n + 1395, c = 5*n + 330. Suppose i - l - 171 = 3*l, 2*i - 5*l - c = 0. What is the greatest common divisor of 100 and i?
25
Let p = -49 - -52. Let j(w) = w**p + 276 - 7*w - 303 + 24*w + 25*w**2 + 4*w. Let m be j(-24). Calculate the greatest common factor of 18 and m.
9
Let t be -1 - -1 - (-10 + 4). Let p be (-3)/(t/8*-1). Suppose 4*v + 50 = 2*u, 0 = 2*v + 2*v - p. Calculate the greatest common divisor of u and 3.
3
Let a(c) = 3*c**2 + 32*c - 3. Let n be a(-8). Let i = n + 93. What is the highest common factor of 6 and i?
2
Suppose -d - 7 - 4 = -2*w, 0 = d + 3. Suppose -q = -2*x - 3*x + 1, -w*x + 12 = 0. Calculate the greatest common divisor of q and 126.
14
Suppose 0 = 3*h - h + 126. Let s be -1 - h - ((-3 - -4) + -3). Let k = 74 - s. Calculate the highest common factor of k and 110.
10
Suppose 0 = 34*c - 31*c - 27 - 27. Let l = -13 + 112. What is the highest common factor of c and l?
9
Let a(c) = c**2 + 4*c - 5. Let x be a(-8). Let y = -13 + x. Suppose 0 = 5*q + 3*z - 566, -3*z + 178 + 52 = 2*q. Calculate the greatest common factor of q and y.
14
Let p(f) = 3*f**3 - 84*f**2 + 241*f + 8. Let u be p(3). Calculate the greatest common divisor of 16184 and u.
56
Let y = -4 - -8. Let q(f) be the third derivative of f**5/60 - f**4/24 - 4*f**3/3 - 9*f**2. Let p be q(y). Calculate the highest common divisor of 14 and p.
2
Let t = 381 + -385. Let f be t + 1162/28 + (-6)/4. What is the greatest common divisor of 204 and f?
12
Let j = -3353 - -3382. Calculate the greatest common divisor of j and 1.
1
Let j(w) = -w**2 + 31*w - 108. Let f be j(27). Suppose f = 1183*q - 1180*q - 135. What is the greatest common factor of q and 120?
15
Suppose -3*z + 1645 = 3*n - 452, 0 = n - 3. Let x = z - 652. What is the greatest common factor of x and 24?
4
Let o be ((-3)/3)/(101/(-1515)). Calculate the highest common divisor of 603 and o.
3
Let w be 33237/432 - 2/(-32). What is the highest common divisor of w and 5621?
77
Let i be -103*(6 - (-4 - 1 - -10)). Let j = 219 + i. What is the highest common factor of j and 145?
29
Let c = 155 - 142. Let k(i) = i**3 - 10*i**2 - 33*i + 20. Let s be k(c). What is the greatest common divisor of s and 637?
49
Suppose 11*u + 88 = -22. Let w be (-2912)/(-18) - (u/45 + 0). Suppose 2*q - 11 = -n - 1, -3*n + 46 = 2*q. Calculate the highest common factor of n and w.
18
Let l = 58 + -33. Let s = 573 + -131. Let d be s/10 + 20/l. Calculate the greatest common factor of d and 5.
5
Let s(c) = 2*c**2 + 2*c + 2. Suppose 3*f + 3 + 6 = 0. Let a be 12/f + 3/1. Let v be s(a). Calculate the highest common factor of v and 8.
2
Let o be 24/(30/(-5) + 8). Suppose -4*b = -b - 54. Suppose -9*s + b = -7*s. What is the greatest common divisor of s and o?
3
Suppose -4459 - 2557 + 1157 = -93*i. Calculate the greatest common divisor of 2688 and i.
21
Suppose 3*s = -6, -5*s - 106 = -1253*a + 1249*a. Let r be (-6)/9*(-54)/3. Calculate the greatest common divisor of a and r.
12
Suppose -3*g = g + 400. Let x be -7*(3 + (g/14 - -1)). Let u be 214/4 + (-6)/(-4). What is the greatest common divisor of u and x?
11
Suppose 2*b - 22 = k + 87, 2*k = 2. Suppose b = 5*h - 185. Suppose -10*a = -2*a - h. Calculate the greatest common factor of a and 18.
6
Let i = 8996 + -4681. Calculate the highest common factor of i and 25.
5
Suppose 15*m = 118*m - 28737. What is the greatest common factor of 243 and m?
9
Suppose 4*p + 4*n = 156, 4*n = -5*p + 122 + 72. Let i be 17/2 - (-3)/2. Let g be i/25 - (-473)/5. What is the highest common divisor of p and g?
19
Suppose 2*q = 3*z + 177, 4*q + 5*z - 88 - 211 = 0. Let n be (-1)/(-4) + (-1078)/(-8). Calculate the highest common divisor of n and q.
27
Suppose 5*k = k - 3*c + 1, -k = c + 1. Let x be k - (-33 + 1) - -4. Calculate the highest common factor of 16 and x.
8
Let v be (-7)/35*5 - (1 + 0). Let f be 4 - (-106 + 0/3 - v). Calculate the greatest common divisor of f and 4.
4
Suppose -8*r - 10 = -26. Suppose 4*w = 5*s - 2524, r*w - 2*s = -w - 1893. Let k be -4 - (-57)/15 - w/5. What is the highest common factor of 18 and k?
18
Let b = -17717 - -18406. Calculate the greatest common divisor of b and 1219.
53
Let x = -40 + 42. Let o(r) = -38*r**2 + r + 187*r**3 + 40*r**x - 3*r + 2. Let u be o(1). Calculate the greatest common factor of u and 21.
21
Suppose -38*k = -5*n - 40*k + 133, 0 = 4*k + 4. Calculate the greatest common factor of n and 19548.
27
Let i(p) = p**2 - 5*p - 16. Let j be i(9). Let r be 30/j*10/3. Suppose 0*t + d = -r*t + 17, 3*d - 3 = t. What is the highest common divisor of 2 and t?
1
Let t = -1948 - -2134. Let m = 87 + -25. What is the highest common factor of t and m?
62
Let o = 7794 - 7776. Suppose 7 = u - 0*u. Let b(r) = r**2 - 5*r + 10. Let n be b(u). Calculate the greatest common factor of n and o.
6
Let u(i) = -159*i - 57. Suppose -16*b + 10 - 58 = 0. Let w be u(b). What is the greatest common factor of w and 60?
60
Let g be 12/3*(-4 - 2840/(-5)). What is the highest common divisor of 144 and g?
48
Let y be (2 + 84/(-3))*((-75)/6 + 9). What is the greatest common divisor of 221 and y?
13
Let x = 8 - 11. Let m be -3*2*5/x. Suppose -4*a + 137 = 2*b + 21, -4*a - 3*b + 114 = 0. Calculate the greatest common divisor of a and m.
10
Suppose t = 2*c - 78, -2*c = t + 100 - 170. What is the greatest common factor of 333 and c?
37
Let r be 35/(-5 + 10)*1. Suppose -3*d - 5*d = -r*d. Suppose -f + 2*f = -3*p + 94, d = 2*f + 3*p - 194. Calculate the highest common factor of 50 and f.
50
Let d be 48/(-504) - 22139/(-273). Calculate the greatest common divisor of d and 24840.
27
Suppose 0 = 8*a - 10 + 34. Let y